de 156952457?
False
Is 22188942 a multiple of 9?
True
Is 43403141 a multiple of 75?
False
Is 87631747 a multiple of 150?
False
Is 41993182 a multiple of 77?
True
Is 10 a factor of 219089859?
False
Is 91139704 a multiple of 2456?
True
Does 5 divide 72367401?
False
Is 878 a factor of 488479690?
True
Is 106438540 a multiple of 130?
True
Is 7123687581 a multiple of 23?
True
Is 17 a factor of 68704625?
False
Is 1266 a factor of 492304025?
False
Is 12 a factor of 1964393950?
False
Is 1444 a factor of 1358548412?
True
Does 1361 divide 76987687?
True
Does 19 divide 52479900?
True
Is 102010525 a multiple of 791?
False
Is 12 a factor of 2071875408?
True
Is 1003 a factor of 1035572425?
True
Is 379786679 a multiple of 153?
False
Does 46 divide 2860372?
True
Is 34403630 a multiple of 46?
True
Is 310885695 a multiple of 335?
True
Is 125595330 a multiple of 210?
True
Is 25064120 a multiple of 493?
True
Does 431 divide 730539934?
False
Is 7822090 a multiple of 715?
False
Does 263 divide 435760229?
True
Does 3467 divide 6916665?
True
Is 610 a factor of 1076198226?
False
Does 21 divide 2834770323?
True
Is 2216 a factor of 437274416?
True
Does 62 divide 2277662894?
False
Is 452094140 a multiple of 4?
True
Is 518861089 a multiple of 51?
False
Does 59 divide 684621864?
False
Does 18 divide 7712949942?
True
Does 1330 divide 4598942673?
False
Is 29 a factor of 822558335?
False
Does 2118 divide 2337573060?
True
Does 8754 divide 810672924?
True
Is 154 a factor of 188030621?
False
Is 212 a factor of 427633680?
True
Is 260026477 a multiple of 47?
False
Is 155 a factor of 433220815?
True
Does 152 divide 33018151?
False
Is 3696316126 a multiple of 12?
False
Is 18 a factor of 232743960?
True
Is 121 a factor of 44274626?
True
Is 1328 a factor of 820868672?
True
Does 10 divide 51787850?
True
Is 7358 a factor of 3981777589?
False
Is 138 a factor of 24370386?
True
Is 31992813 a multiple of 213?
True
Is 677242293 a multiple of 3353?
True
Is 20 a factor of 684144380?
True
Is 4557 a factor of 311685814?
False
Does 302 divide 5100522?
False
Is 579 a factor of 8601995?
False
Is 45953741 a multiple of 271?
True
Is 3 a factor of 14745091?
False
Does 19 divide 771394394?
False
Is 381 a factor of 694916568?
True
Is 461361920 a multiple of 15?
False
Is 1623 a factor of 161198227?
False
Does 196 divide 4398355?
False
Is 137 a factor of 93669600?
False
Is 59 a factor of 18622646?
False
Is 148 a factor of 647154905?
False
Is 124016562 a multiple of 11?
False
Is 2009618177 a multiple of 372?
False
Is 940 a factor of 17708084?
False
Is 7186256 a multiple of 176?
True
Is 10035128 a multiple of 14?
False
Is 17 a factor of 1404145371?
False
Does 28 divide 332805900?
True
Is 296078552 a multiple of 6006?
False
Is 338228608 a multiple of 835?
False
Is 776789631 a multiple of 1018?
False
Is 48968340 a multiple of 9?
False
Is 57487559 a multiple of 8?
False
Is 788961764 a multiple of 669?
False
Is 156 a factor of 255060?
True
Is 24 a factor of 87189327?
False
Is 33 a factor of 94288293?
True
Is 2697 a factor of 515967899?
False
Is 25462143 a multiple of 179?
False
Does 17 divide 50457275?
True
Is 110235573 a multiple of 55?
False
Is 471293124 a multiple of 97?
True
Is 213760517 a multiple of 10?
False
Does 2230 divide 458998670?
True
Does 209 divide 37137837?
True
Does 7 divide 114224299?
True
Is 197 a factor of 13140155?
False
Does 6 divide 262775752?
False
Is 37 a factor of 295817553?
True
Is 84487013 a multiple of 13?
True
Does 46 divide 1097306402?
True
Is 10 a factor of 4450890?
True
Is 679945167 a multiple of 37?
False
Is 16 a factor of 956555840?
True
Does 5553 divide 283476756?
False
Does 1057 divide 55548521?
True
Is 4533525815 a multiple of 91?
True
Does 13 divide 99577231?
True
Is 176 a factor of 39961504?
True
Is 5 a factor of 419574317?
False
Is 72 a factor of 663498719?
False
Does 102 divide 18466692?
True
Is 1312970558 a multiple of 101?
False
Does 32 divide 35889275?
False
Is 14 a factor of 35048177?
False
Is 155 a factor of 519822746?
False
Does 9 divide 113956569?
True
Does 144 divide 16238736?
True
Is 10895379 a multiple of 15?
False
Is 78 a factor of 4336331?
False
Is 1695 a factor of 297098967?
False
Is 225 a factor of 150813676?
False
Is 120108513 a multiple of 13?
False
Is 39822701 a multiple of 2?
False
Is 283771694 a multiple of 6565?
False
Does 2 divide 8526498?
True
Is 184176500 a multiple of 597?
False
Is 461 a factor of 14052039?
False
Does 52 divide 294061820?
True
Is 1041 a factor of 121115990?
False
Is 93974253 a multiple of 57?
False
Is 949 a factor of 1695695976?
True
Does 4880 divide 2155056173?
False
Does 799 divide 39798190?
True
Is 272 a factor of 37784129?
False
Is 11183567 a multiple of 10?
False
Does 804 divide 1104588264?
True
Is 34 a factor of 13434182?
True
Is 92945981 a multiple of 12?
False
Is 43145136 a multiple of 144?
True
Does 287 divide 342113471?
True
Is 1476 a factor of 382576248?
True
Is 436833870 a multiple of 51?
True
Does 268 divide 495835323?
False
Is 2395059763 a multiple of 35?
False
Is 1599 a factor of 49684128?
True
Does 11753 divide 1975289081?
False
Does 6 divide 232309194?
True
Does 1025 divide 61921275?
True
Is 167 a factor of 78653264?
False
Is 1208841747 a multiple of 740?
False
Is 68406037 a multiple of 974?
False
Is 218327776 a multiple of 2438?
True
Does 9 divide 1712897379?
True
Is 27772866 a multiple of 22?
True
Does 73 divide 3379702462?
True
Is 1329 a factor of 52816109?
False
Does 789 divide 39741831?
False
Is 35117134 a multiple of 14?
False
Does 4381 divide 16493121?
False
Does 1319 divide 136217087?
True
Is 20 a factor of 1222738020?
True
Does 62 divide 132246744?
True
Is 2367810 a multiple of 79?
False
Does 3535 divide 778452955?
True
Is 47 a factor of 394398808?
True
Does 36 divide 82010544?
False
Is 42625240 a multiple of 328?
True
Is 6451267 a multiple of 317?
True
Is 146126272 a multiple of 109?
True
Is 14 a factor of 393912344?
True
Does 1753 divide 69504166?
False
Is 155 a factor of 1182726097?
False
Is 26605742 a multiple of 8?
False
Is 149010879 a multiple of 12?
False
Is 312846528 a multiple of 24?
True
Is 19915657 a multiple of 141?
False
Is 123 a factor of 154200590?
False
Is 11 a factor of 23994850?
True
Is 424448852 a multiple of 28?
False
Does 20 divide 26417700?
True
Does 1835 divide 39774546?
False
Is 17992000 a multiple of 33?
False
Is 83820197 a multiple of 19?
False
Is 284091030 a multiple of 15?
True
Is 73 a factor of 2169132093?
False
Is 274515228 a multiple of 13?
True
Does 45 divide 1905356496?
False
Is 4787277152 a multiple of 848?
True
Does 7 divide 4942357?
True
Is 4 a factor of 217388652?
True
Is 126773816 a multiple of 508?
False
Does 6 divide 288804741?
False
Is 36 a factor of 178807505?
False
Is 1557 a factor of 284864049?
True
Is 117373760 a multiple of 61?
True
Is 31572358 a multiple of 29?
True
Is 1499 a factor of 779454654?
False
Is 55 a factor of 28271250?
False
Is 3738216 a multiple of 164?
True
Does 10 divide 316349300?
True
Does 46 divide 1363935926?
True
Is 327076491 a multiple of 53?
False
Does 1063 divide 60537850?
True
Is 8 a factor of 30676024?
True
Does 129 divide 254098282?
False
Does 10 divide 14278540?
True
Is 318309738 a multiple of 6?
True
Is 8003450 a multiple of 182?
True
Is 849638819 a multiple of 34?
False
Does 217 divide 848364933?
False
Does 117 divide 642110742?
True
Does 4 divide 9619504?
True
Does 234 divide 726715080?
True
Does 41 divide 113862621?
False
Is 80351124 a multiple of 259?
True
Is 54 a factor of 40837968?
False
Is 1672 a factor of 9655800?
True
Is 137 a factor of 464329902?
False
Is 1158 a factor of 906968760?
True
Is 20629180 a multiple of 130?
True
Is 500995400 a multiple of 200?
True
Is 8 a factor of 353860688?
True
Is 5 a factor of 34248155?
True
Is 7 a factor of 45267466?
False
Does 13 divide 741689936?
True
Is 121811256 a multiple of 441?
True
Is 924 a factor of 56410257?
False
Is 4144846461 a multiple of 8841?
True
Is 968 a factor of 149649633?
False
Does 3 divide 1214186070?
True
Does 4 divide 116531368?
True
Is 13 a factor of 68363360?
True
Is 49670618 a multiple of 79?
True
Is 23 a factor of 304983574?
False
Is 851 a factor of 11013642?
True
Does 6 divide 16809240?
True
Is 22378407 a multiple of 9?
False
Is 1614902 a multiple of 16?
Fa